at is -107551 - 13?
-107564
In base 8, what is 6 + 31341520?
31341526
In base 9, what is -73 - 142763?
-142846
In base 5, what is 122431 + 11343?
134324
In base 4, what is 12 - -1100111312310?
1100111312322
In base 3, what is 2221001 + -111000?
2110001
In base 2, what is -10010010100110011110010010 - -10101?
-10010010100110011101111101
In base 10, what is -1243 + 13518?
12275
In base 5, what is -133241234234 - 3?
-133241234242
In base 15, what is -1ab9c - -19?
-1ab83
In base 13, what is -6c98 - -18528?
11560
In base 11, what is 54 - 11698?
-11644
In base 5, what is -444 - 23334422?
-23340421
In base 11, what is -226573 - -10?
-226563
In base 5, what is -31401101431 + -11?
-31401101442
In base 10, what is 19279 - -9762?
29041
In base 7, what is 233 + 2531013?
2531246
In base 15, what is 2 + 9e369c?
9e369e
In base 4, what is -1233322322102202 - -2?
-1233322322102200
In base 14, what is 5 - -4608117?
460811c
In base 11, what is -28 - -614445?
614418
In base 10, what is 29 + -3706000?
-3705971
In base 7, what is -214155 - 2614?
-220102
In base 9, what is 72 + -1157170?
-1157087
In base 16, what is -25 - -4dabbf?
4dab9a
In base 6, what is -443041123 + -1?
-443041124
In base 13, what is -433311 + -7?
-433318
In base 9, what is -53 + -7788552?
-7788615
In base 12, what is 13a4387b - -2?
13a43881
In base 9, what is 30752 + -3810?
25842
In base 9, what is -5 - -620024?
620018
In base 7, what is -154563 + 6245?
-145315
In base 4, what is -102100311231 - 0?
-102100311231
In base 8, what is 465 - 1050746?
-1050261
In base 12, what is -4448 - -b67?
-34a1
In base 16, what is 1cbb - -762f?
92ea
In base 12, what is 196368baa + 5?
196368bb3
In base 9, what is -648 + -77484?
-78243
In base 11, what is -74 + -2aa1198?
-2aa1261
In base 6, what is -535000305 + 0?
-535000305
In base 11, what is -2 + -9a178a8?
-9a178aa
In base 14, what is -2aa010 + -1c?
-2aa02c
In base 9, what is -2 - -2728847?
2728845
In base 3, what is 111111210 + 111112?
112000022
In base 11, what is 1254 + 2387?
3630
In base 16, what is -9 - -13029?
13020
In base 13, what is c41a7b - 1?
c41a7a
In base 6, what is 1152 - -14240?
15432
In base 4, what is 3111 - 331011321?
-331002210
In base 10, what is 17972 + -11332?
6640
In base 3, what is -1201 - -222121010210?
222121002002
In base 12, what is -9a6486b + -13?
-9a64882
In base 14, what is d888 + -32d4?
a594
In base 5, what is 10111010210 + -4?
10111010201
In base 13, what is -2bc - -4950?
4661
In base 9, what is 6 + 1012427?
1012434
In base 9, what is 2 + -7315712?
-7315710
In base 10, what is 190662 + -52?
190610
In base 9, what is 6675851 + -6?
6675844
In base 15, what is 58aa10 - -4?
58aa14
In base 7, what is -5 - 612433113?
-612433121
In base 4, what is -1302 + 12011333?
12010031
In base 13, what is 257c0 + -a76?
24a47
In base 6, what is 3051503110 - 2?
3051503104
In base 5, what is 43144201 + 1224?
43200430
In base 6, what is 4 - 125043011?
-125043003
In base 2, what is -1010110010101011110011 + -101011011?
-1010110010110001001110
In base 9, what is -61573081 + 5?
-61573075
In base 8, what is -1031 - 730061?
-731112
In base 2, what is -10000 - -100100111101010?
100100111011010
In base 4, what is -12 + 3233032223131?
3233032223113
In base 11, what is a7 + 24730?
24827
In base 16, what is -fedc6 - -b?
-fedbb
In base 10, what is -30059 + -780?
-30839
In base 13, what is 329344 + 89?
329400
In base 4, what is 1130211 + -1311?
1122300
In base 12, what is -107 - 319996?
-319aa1
In base 5, what is 104122 - 23044?
31023
In base 7, what is -145111061 + -65?
-145111156
In base 5, what is 13243220 - 1?
13243214
In base 12, what is -1 - 1444117b?
-14441180
In base 16, what is -107d + -271?
-12ee
In base 16, what is 2e - a3c60?
-a3c32
In base 3, what is 21122110010 - 2110211?
21112222022
In base 14, what is 155278 - -33?
1552ab
In base 7, what is 3 - 1305634?
-1305631
In base 16, what is 20f3 + 5d?
2150
In base 12, what is -3786b11 - 25?
-3786b36
In base 11, what is 957 - -10325?
11181
In base 5, what is 3110 - -4413043?
4421203
In base 9, what is 4 - -171855618?
171855623
In base 13, what is 1cc0a1 - -b?
1cc0ac
In base 3, what is -1 - -211001210102?
211001210101
In base 15, what is 1 - -1adab0?
1adab1
In base 7, what is 65466530 - 5?
65466522
In base 15, what is -2 + -499b19?
-499b1b
In base 16, what is -1069c7 + 1?
-1069c6
In base 6, what is 505 + 55314?
100223
In base 11, what is 4 - -355105a7?
35510600
In base 6, what is -45305 - 152042?
-241351
In base 16, what is -497f + 160?
-481f
In base 16, what is -1 + 179343?
179342
In base 6, what is 1 + -50554311?
-50554310
In base 14, what is -cca + -2c650?
-2d53a
In base 12, what is 48b4 + 1387?
607b
In base 3, what is 212120110 - 11201022?
200212011
In base 14, what is 41 - 397a1?
-39760
In base 2, what is -10110011111101 + -11100010?
-10110111011111
In base 7, what is 100546 - -125663?
226542
In base 8, what is -475 - 3320?
-4015
In base 15, what is 372172 - -1?
372173
In base 13, what is 14c8a6c84 - 3?
14c8a6c81
In base 8, what is 203337 - -561?
204120
In base 10, what is -56 - 39600?
-39656
In base 10, what is 1 - 26838790?
-26838789
In base 9, what is -3485 + 4652?
1156
In base 7, what is 4 - 1233061614?
-1233061610
In base 11, what is 1a71 + 309?
227a
In base 2, what is 1000010111111 - 1111000001?
110011111110
In base 14, what is -c3d - 11d4?
-2033
In base 13, what is -1940a40 - -15?
-1940a28
In base 15, what is -ce212a + 6?
-ce2124
In base 9, what is 14074053 + -56?
14073886
In base 9, what is -12 + -3017716?
-3017728
In base 5, what is -3 - 1213411221?
-1213411224
In base 15, what is -20 + 3ddcc5?
3ddca5
In base 15, what is 2035183 + 9?
203518c
In base 9, what is 57104 + -680?
56314
In base 2, what is 10001010110001011110000011011 + -100?
10001010110001011110000010111
In base 2, what is 100000 + -11100111010110101?
-11100111010010101
In base 7, what is 605124645 + 5?
605124653
In base 14, what is -39736 + 74?
-396a2
In base 8, what is -2534110 + -20?
-2534130
In base 2, what is -100101111100011 + 1010100001110?
-11011011010101
In base 12, what is 57 + 4285a?
428b5
In base 3, what is -1102011210222 + -11000?
-1102011221222
In base 16, what is -ab4605 - -5?
-ab4600
In base 8, what is 726560713 - -5?
726560720
In base 3, what is 102102011120112 + 101002?
102102011221121
In base 7, what is -3 - -4045413250?
4045413244
In base 12, what is 49342 + -99?
49265
In base 5, what is 300223142302 - 1?
300223142301
In base 6, what is 205 - 410540444?
-410540235
In base 8, what is -2 + 114146216?
114146214
In base 11, what is 22110 - a964?
12257
In base 16, what is 549dba + 0?
549dba
In base 6, what is 11223025410 - 1?
11223025405
In base 15, what is -d507a6 + -41?
-d507e7
In base 16, what is -2872798 + -4?
-287279c
In base 14, what is -722b + d1a?
-6311
In base 16, what is -48a - -df18?
da8e
In base 5, what is -13223 - -3132330?
3114102
In base 7, what is -6621152 - -2?
-6621150
In base 12, what is 7052a59 - 1?
7052a58
In base 15, what is -9704ad + -29?
-9704d7
In base 3, what is -2100022 - -20110?
-2002212
In base 4, what is 1 - -3202131312310?
3202131312311
In base 3, what is 2 + -12211121020020?
-12211121020011
In base 16, what is 7d1f + -2747?
55d8
In base 12, what is 7 + -189821?
-189816
In base 2, what is 1011100110 - -10000000111000110?
10000010010101100
In base 8, what is 5130143 + 224?
5130367
In base 15, what is -2023ed + 7b?
-202372
In base 6, what is -31431055 + -143?
-31431242
In base 5, what is 144310 + -1110?
143200
In base 2, what is -1000111001011000010101011 + 101?
-1000111001011000010100110
In base 8, what is 143431 - -3224?
146655
In base 3, what is -220122112211002 + -1201?
-220122112212210
In base 15, what is 3 + -aae980?
-aae97c
In base 10, what is 728289 + -124?
728165
In base 16, what is 2eb + -8b647?
-8b35c
In base 7, what is 3364242 + 104?
3364346
In base 13, what is -76a272 - 24?
-76a296
In base 13, what is 313c6a18 - -3?
313c6a1b
In base 14, what is -16 - 1645c6?
-1645dc
In base 4, what is -220311 + -3011?
-223322
In base 5, what is -10 + 111003210400?
111003210340
In base 6, what is 100 + -424300?
-424200
In base 6, what is -4 + -12403014423?
-12403014431
In base 16, what is 2 - 29e1a1?
-29e19f
In base 10, what is 83082 - 9?
83073
In base 10, what is -48684386 - 1?
-48684387
In